d, j + 4*d - 93 = 0. Suppose 33 = -i*k + j. Does 8 divide k?
True
Let d = 7 - 4. Suppose d*o = -5*g - 248, o + 10 = 3*g + 156. Let r = 71 + g. Is r a multiple of 11?
True
Suppose -7*s + s + 48 = 0. Is s a multiple of 4?
True
Let f be -2*((-2)/4 - 2). Suppose f*u = 10*u - 295. Is 11 a factor of u?
False
Suppose 9*k - 51 - 417 = 0. Is k a multiple of 11?
False
Suppose 0 = -t - 1. Let s = 4 - t. Suppose -i + 1 = -2*k + 8, 2*k = s*i - 13. Is k a multiple of 3?
True
Suppose m - 6*m = -40. Suppose 2*b + 2*b - m = 0. Suppose n + 4*z = 22, n + b*z - 14 = 4. Does 5 divide n?
False
Let d be ((-2)/(-6))/(1/3). Suppose -5*o - 7 + 32 = -4*m, -4*o - m = d. Does 19 divide 18 - (-2)/(o + 1)?
True
Suppose -x - 2*x - 8 = 2*w, -3*x + 3*w = -12. Suppose x*d - 3*d = -30. Let q = -7 + d. Is q a multiple of 3?
True
Does 2 divide 2/6 + 624/72?
False
Let x be -4 + (1 - (0 - 1)). Is 15 a factor of (-1 - x) + 46 + -1?
False
Let o be 17 + (-8)/12*-3. Suppose -4*m = -93 - o. Is m a multiple of 21?
False
Suppose 0 = -2*d - 4*p - 21 - 7, 5*d + p + 25 = 0. Let s = 8 + d. Suppose -4*c + s*u + 97 = -u, -4*c - 5*u = -47. Does 9 divide c?
True
Is 8/28 - (-1)/(14/1004) a multiple of 9?
True
Let m be 20/(-35) + (-636)/14. Let t = 93 + m. Is t a multiple of 7?
False
Let h(j) = 5*j + 4. Let x be h(-5). Let l = -46 + 64. Let d = l - x. Is d a multiple of 13?
True
Suppose 3*n - 147 = -6. Does 23 divide n?
False
Let r(m) = -m - 16. Let y be r(-10). Suppose 66 = 7*l - 4*l. Let a = l + y. Is 8 a factor of a?
True
Let f(t) = 20*t**2 + 2*t + 8. Is 51 a factor of f(4)?
False
Let m(h) = -h**2 + 27*h - 47. Does 45 divide m(23)?
True
Let j be 1*((4 - 2) + 1). Let k be (-3 + 3 - -2) + 9. Does 5 divide k*(j + -2*1)?
False
Let b = 1 + 5. Let h = 9 - b. Suppose 0 = -h*p + 9. Is 3 a factor of p?
True
Suppose 2*k - 17 = -3*h, -2*k = h + h - 14. Is k even?
True
Is 8/6 + (-2622)/(-18) a multiple of 29?
False
Suppose b + 72 = 4*b. Is 12 a factor of b?
True
Suppose -g + 6*g - 325 = 0. Is g a multiple of 13?
True
Let r be ((-2)/(-6))/((-3)/9). Let t be 33*1 - (2 + r). Let a = -18 + t. Is 5 a factor of a?
False
Suppose 49 - 17 = 4*r. Let v = -2 + r. Is 3 a factor of v?
True
Let x = 7 + 0. Suppose -5*i - x = h, -3*i - 13 = 5*h - 0*i. Let j(y) = -3*y + 2. Is j(h) a multiple of 4?
True
Suppose -2*a - 2*a = k - 21, 4 = -4*a + 4*k. Suppose -5*p = -3*d + 135, d - 215 = -a*d + 5*p. Suppose -5*j = -5*f + d, -3*f + 2*f + 5*j = -20. Is f even?
False
Suppose 2*t - 2*g = 3*t - 35, 129 = 4*t - 3*g. Is 10 a factor of t?
False
Suppose -2*q = 2*q + 8. Is 16 a factor of ((-24)/2)/(q/8)?
True
Let y(f) = -f**2 - 8*f - 3. Let v be y(-5). Suppose 2*w - v = 96. Is 27 a factor of w?
True
Let m be (5/(-2))/(2/(-4)). Suppose -4*d - m*w = -5 - 3, -4*d = -5*w - 48. Is d a multiple of 4?
False
Suppose 46 - 1 = 5*l - 5*d, 2*d + 4 = l. Suppose -l = 2*v - 122. Does 19 divide v?
False
Is (3*-1)/(18/(-12)) a multiple of 2?
True
Is -9*((-16)/(-12))/(-1) a multiple of 5?
False
Let m = 52 - 24. Is 16 a factor of m?
False
Suppose 0*o + o = -2. Does 20 divide ((-46)/(-8))/(o/(-16))?
False
Suppose 0 = -5*b - 216 - 4. Let n = b - -90. Is n a multiple of 23?
True
Suppose 4*a - 11 = 1. Suppose 5*w - v - 17 = 0, -2*w - 5*v = 3*w - 35. Suppose 0 = c + a, -w*u + 2*c + 41 = u. Does 5 divide u?
False
Suppose 2*o - 332 = 186. Is 33 a factor of o?
False
Let p(c) = -5*c + 10. Let b(x) = -6*x + 10. Let q(f) = 3*b(f) - 4*p(f). Let t be 1 + ((-14)/(-2))/1. Is 4 a factor of q(t)?
False
Suppose 2*w - 66 = -2*t, t - 66 = -2*w + 3*t. Is 27 a factor of w?
False
Let k be 273/5 + 10/25. Suppose 0 = -4*o - 5*q - 132, -o = -0*o + 3*q + 40. Let s = k + o. Does 19 divide s?
False
Let g = 115 + -64. Is 14 a factor of g?
False
Let s(l) be the second derivative of -l**4/12 - l**3 - 5*l**2/2 - 2*l. Let q be s(-4). Suppose -15 = -3*w, -q*w - 90 = -5*t - 5*w. Is 8 a factor of t?
True
Suppose 3*z + t = 111, z + 5*t + 185 = 6*z. Is z a multiple of 2?
False
Let a = 1 - 1. Suppose 0 = 2*t - 3*b + 6, -t + b = -a*b + 1. Let v(y) = y**2 + y. Is 6 a factor of v(t)?
True
Suppose -3*r = s - 36, -s - r + 36 = -0*r. Let b = s - 20. Is 4 a factor of b?
True
Let x(d) = -15*d. Let m be x(-2). Let l = 65 - m. Suppose 76 = 3*c + g, -2*g - 29 - l = -3*c. Does 8 divide c?
True
Let v(t) = 2*t - 2. Let z be v(3). Does 3 divide 2*(1 + 2/z)?
True
Suppose -c - 21 = 2*c. Let t(h) = h**3 + 7*h**2 - 2*h + 4. Is t(c) a multiple of 7?
False
Let x(o) = 3*o**2 - 9*o - 8. Does 16 divide x(8)?
True
Let v = 54 - 9. Is v a multiple of 19?
False
Let l = -110 - -166. Is l a multiple of 21?
False
Let i(b) = 0 - 2 + 4*b**2 + 4*b - b**3 + 2*b. Suppose 0*l + 2*l = 8. Is 11 a factor of i(l)?
True
Let b = 22 - 10. Let k = b - -2. Does 5 divide k?
False
Let n(j) = j**2 - 6*j + 2. Let x be n(5). Let r = 12 - x. Is r a multiple of 7?
False
Let i(k) = -k**3 - 4*k**2 + 8. Let b = -11 + 17. Let t(n) = 3*n**3 + 12*n**2 - n - 23. Let r(j) = b*t(j) + 17*i(j). Is r(-5) a multiple of 2?
False
Let o = -88 + 61. Let a = 39 + o. Does 12 divide a?
True
Suppose -3*z - m + 12 = 0, -5*z + 3*m - 2*m = -20. Let p be (-1 + 0)/(z/(-4)). Suppose -19 = -5*k + p. Does 4 divide k?
True
Does 15 divide 3/(-8) - 2283/(-8)*1?
True
Let r(z) be the first derivative of -14*z**2 + z - 2. Is r(-1) a multiple of 9?
False
Suppose 2*q - 4*f = -6*f - 6, -3*q - f = 5. Does 7 divide (q/2)/(4/(-224))?
True
Let i be (-6 - -1)/(-3 + 2). Suppose -41 = -2*f - i. Is f a multiple of 6?
True
Let t = 7 - 5. Suppose -19 = -t*l + 1. Is l a multiple of 10?
True
Suppose -j - 31 = -2*k - 6*j, 0 = 3*k + 2*j - 19. Suppose 0 = w - 3*d, w - 12 = 6*w - k*d. Is 17 a factor of 16 + 0 + (-3)/w?
True
Suppose 0 = -29*f + 34*f - 175. Is f a multiple of 3?
False
Suppose 0 = -4*l + 5 + 3, -5*n - 4*l - 32 = 0. Let y be -4*(-1 + 2/n). Does 7 divide (-2)/y + (-185)/(-25)?
True
Let c = 41 - -7. Is 13 a factor of c?
False
Let t(n) = 5*n**2 - 2*n - 5 - 3*n**2 - 2. Does 14 divide t(5)?
False
Suppose 0 = l + 3*l - 156. Is l a multiple of 13?
True
Let m(a) = a**3 + 3*a**2 + 4*a + 3. Let v be m(-2). Is 161/4 + v/4 a multiple of 16?
False
Let x = 19 - 16. Suppose -3*p = -4*m + 87, -x*p + 12 = p. Is 6 a factor of m?
True
Let h(z) = z**3 + 19*z**2 + 38*z - 13. Is h(-16) a multiple of 24?
False
Suppose d + 3*d = 8. Suppose -3*p + 45 = -0*p - d*r, -4*r = -4*p + 64. Suppose 5*y - 2 = p. Is 3 a factor of y?
True
Let o(j) be the third derivative of -29*j**4/24 + j**3/6 + 3*j**2. Is 15 a factor of o(-1)?
True
Suppose -598 = -6*s + 2*s - f, -s = 4*f - 142. Does 25 divide s?
True
Let i be 46/10 + 6/15. Let g = 5 - 5. Suppose i*c + 5*r = 70, g*r - 74 = -5*c - r. Is 9 a factor of c?
False
Let d(t) = t**2 - 2*t + 8. Does 14 divide d(-6)?
True
Let b(h) be the first derivative of h**2 - h + 3. Let v be b(12). Suppose -5*s + 95 = 5*q, 0*q + 3*s = -q + v. Is q a multiple of 17?
True
Let o = 124 - 89. Does 7 divide o?
True
Let b(x) = 2*x + 14 - 2*x + x**2. Is b(0) a multiple of 5?
False
Let x(y) = y - 1. Let w(n) = 8. Let t(d) = -w(d) - 5*x(d). Is t(-7) a multiple of 11?
False
Let v(i) = 71*i - 6. Is 50 a factor of v(3)?
False
Let w(k) = 4*k. Suppose 15 - 1 = 5*h - 4*o, 3*o = 2*h. Does 13 divide w(h)?
False
Suppose -64 - 53 = -3*d. Suppose 5*s = 119 - d. Does 8 divide s?
True
Is 7 a factor of (-6 + 4)/(-2)*2*21?
True
Suppose -5 = -n - b, 3*n + 2*b + 2*b - 15 = 0. Suppose w + 23 = n*r, -5*w = -r - r. Is r a multiple of 5?
True
Let u be 2/9 - (-43)/9. Let v(y) = -y**3 + 4*y**2 + 5*y + 3. Let m be v(u). Suppose n + m*n = 132. Is 16 a factor of n?
False
Let v be 0 + (-2 - 0/(-1)). Does 14 divide (-2)/((-4)/(-56)*v)?
True
Let g be (268/2)/(4 + -6). Let j = 134 - 248. Let z = g - j. Does 18 divide z?
False
Let u(r) = -2*r**2 - 12*r + 1. Is 6 a factor of u(-5)?
False
Let g(r) = r**3 + 5*r**2 - r - 4. Let q be g(-5). Does 12 divide q/((2 + -6)/(-100))?
False
Suppose -175 = v - 6*v + 5*x, -3*x + 87 = 3*v. Does 16 divide v?
True
Let u(r) = 2*r + 2. Let j be u(1). Suppose -5*f = -j*f - 4. Is 3 a factor of f?
False
Let c be 23 + (0/(-3))/(-1). Suppose 0 = 4*d + 3 - c. Does 5 divide d?
True
Let v(d) = -6*d + 34. Is v(-21) a multiple of 10?
True
Is 18 a factor of (-124)/(-7) - 4/(-14)?
True
Suppose 0 = -4*n - n + 5*h - 30, n - 3*h = -6. Does 10 divide -21*4/n*3?
False
Suppose 28*u + 96 = 30*u. Is u a multiple of 12?
Tru